 87 is divided by m.
7
What is the remainder when 1/(-3)*2*-3 + 94 is divided by 35?
26
Let h be (-27)/(-12) + 2/(-8). Suppose h*i - 120 = -2*i. Let l = -16027 - -16043. What is the remainder when i is divided by l?
14
Suppose 4*t - 2822 = 2*z, 2*z = 4 - 6. Calculate the remainder when t is divided by 71.
66
Let u(i) = i**3 + 10*i**2 - 11*i + 8. Calculate the remainder when 38 is divided by u(-11).
6
Let m = 15 - 8. Suppose 102 = 5*u - 4*f, 4*f - 67 = -4*u - m. What is the remainder when -46*(-3)/2 + 0 is divided by u?
15
Let u(x) = 13*x - 53. Let l be (112/6)/8*3. Calculate the remainder when u(l) is divided by 15.
8
Let f = 1 - 2. Let w be 3/(-1) + f - -10. Suppose -h - 39 = -2*i - 3*i, i - 2*h = w. What is the remainder when 29 is divided by i?
5
Suppose -3*t + 205 = 5*k, k - 3*t - 29 = 30. Calculate the remainder when 212 is divided by k.
36
Suppose 0 = j - 0 - 6. Calculate the remainder when 29 is divided by (5 + -1)*(3/j + 1).
5
Suppose v - 64 = -4*d, 115 = 2*v - d - 40. What is the remainder when v is divided by 26?
24
Let t = 18 - 10. Suppose -7*o - 15*o = -1166. What is the remainder when o is divided by (t/6 + -1)*45?
8
What is the remainder when ((-435)/6)/((-2)/4) is divided by 21?
19
Suppose -25*m - 8*m = -2871. What is the remainder when 168 is divided by m?
81
Let l(v) = v**2 + 9*v + 1. Suppose j - 5*j + 24 = 4*h, h + 5*j = -2. Calculate the remainder when l(h) is divided by 14.
11
Let a = -339 - -660. Calculate the remainder when a is divided by 13.
9
Suppose -58*i + 1472 = -12*i. What is the remainder when 318 is divided by i?
30
Suppose 14*c - 5*c - 729 = 0. Calculate the remainder when c is divided by 42.
39
Let q(h) = -h**2 + 15*h + 97. Let d = 49 + -29. Calculate the remainder when q(15) is divided by d.
17
Suppose 0 = 2*n - 5*n - 4*d + 129, d = 0. Calculate the remainder when 100 is divided by n.
14
Suppose 4*v = 8, -4*n + 0*n = 4*v - 124. Suppose -17 = -4*u - 2*r + 11, -5*r + 16 = u. Let z = 14 - u. What is the remainder when n is divided by z?
5
Suppose 3*v = 0, 4*d - 61 = -4*v + 83. Calculate the remainder when 173 is divided by d.
29
Let a(v) = 15*v**2 - v + 2. Calculate the remainder when a(4) is divided by 30.
28
Let v be (69/21 - 3) + 624/21. Let w = v + -10. What is the remainder when 34 is divided by w?
14
Let t = 12 + -21. Let y = t - -12. Suppose 0 = 3*g - k - 79, 4*g - 35 = -y*k + 79. What is the remainder when g is divided by 10?
7
Let f(j) = 91*j**2 + 72*j - 3. What is the remainder when f(2) is divided by 85?
80
What is the remainder when 80*(36/16 - 0) is divided by 32?
20
Let c(s) = s**3 - 2*s**2 - 3*s - 9. Let i be c(5). Let a = i + -30. Calculate the remainder when 62 is divided by a.
20
Suppose 7*a - 11*a - 12 = 0. Let v be -3 + (-1 - a) + 3. Calculate the remainder when 1 is divided by (7 - 5)/(4 - v).
0
Let o be (-3*3/4)/((-3)/24). Suppose -o = h - 64. What is the remainder when h is divided by 12?
10
Suppose 4*k = 5*f + 9*k - 60, -5*f - 2*k = -69. What is the remainder when 34 is divided by f?
4
Let y(t) = -t**3 - 14*t**2 + 14*t - 15. Let j be y(-15). Suppose j = -w + 17 + 35. Calculate the remainder when w is divided by 18.
16
Suppose 29 + 119 = 4*t. Suppose -1598 = -29*g + 3227 - 707. What is the remainder when g is divided by t?
31
Let y = 193 + -93. What is the remainder when y is divided by 63?
37
Suppose -44 = -2*q + 3*k + 20, -5*q - 2*k = -141. Calculate the remainder when 116 is divided by q.
0
Let u be 2/5 + (-592)/5. Let o = -50 - u. Calculate the remainder when o is divided by (10/4)/(110/616).
12
Let o(t) = 3*t**2 - t - 4. Let k(p) = 5*p**2 - 2*p - 6. Let a(h) = 5*k(h) - 8*o(h). Calculate the remainder when 29 is divided by a(3).
4
Let u = 4990 - 4963. Calculate the remainder when (-22)/(-4)*2*17 is divided by u.
25
Let h be (2 - 14)*1/(-2). Let v = 46 - h. Calculate the remainder when v is divided by 21.
19
Let t = -12 - -23. Suppose 5*m + 3*k = 132, 5*m - 120 - t = -4*k. Suppose -7*a + 7 = -6*a. What is the remainder when m is divided by a?
6
Calculate the remainder when 143 is divided by 39 - (-2 - -6) - -1.
35
Let g = 57 - 37. Suppose -10*m + 14 = -8*m. What is the remainder when g is divided by m?
6
Suppose 0 = 2*y + 2*v - 240, -y - 3*v = -4*y + 378. Calculate the remainder when -3 - -5 - 4/((-12)/y) is divided by 15*(0 + 1 + 0).
13
Let w(o) = o + 16. Let g be w(-11). Let y(a) = g - 6*a + 5 + 5*a. Calculate the remainder when 9 is divided by y(6).
1
Let r(g) = -4*g - 49. Let c(x) = -x + 38. Let z be c(0). Suppose 3*p + p = f - z, 69 = 2*f - p. Calculate the remainder when f is divided by r(-17).
15
Let t = 30 + -7. Suppose -22 = l - 88. What is the remainder when l is divided by t?
20
Suppose 1 = -i + 2, -5*i + 11 = 3*b. Suppose -b*c - 33 = 19. Let m = c - -32. What is the remainder when 29 is divided by m?
5
Let a(m) = -m**3 + 8*m**2 + 6. Let f be a(5). Suppose -2*u = u - f. Calculate the remainder when u is divided by 6/(-9)*6 + 19.
12
Let o(v) = 5*v - 9. Let d = 29 + -40. Let j be ((-2)/3)/(d/99). What is the remainder when 60 is divided by o(j)?
18
Let f(r) = 4*r + 218. Calculate the remainder when 224 is divided by f(-40).
50
Let p(a) = 11*a - 14. Let v be 6/(-39) + 1040/169. Calculate the remainder when 256 is divided by p(v).
48
Suppose 2*m = -2*m + 116. Let f(z) = -20*z - 54. Let i(p) = -7*p - 18. Let k(b) = -6*f(b) + 17*i(b). What is the remainder when m is divided by k(-7)?
7
Let n(j) = j**3 - 12*j**2 + 14*j - 18. Let a be n(11). Let s be (0 - (-2)/3)*3. Suppose 9 = s*r - a. What is the remainder when 23 is divided by r?
11
Suppose -5*o - 4 = -5*m - 19, 2*m = -o. What is the remainder when 23 is divided by o?
1
Let h(s) = -4*s**3 + 2*s**2 + 2*s + 5*s**3 - 4*s**2. Let m(r) = 2*r**2 - 30*r + 3. Let c be m(15). What is the remainder when h(c) is divided by 9?
6
Suppose 2*w + 5*s - 32 = 0, -5*w + 4*w + s = -30. What is the remainder when 68 is divided by (-4 + 2 - 0) + w?
20
Suppose 5*a - 40 = -3*w + 3*a, 3*w + 4*a - 44 = 0. Suppose -4*u + c + 97 = w, -5 = 5*c. Suppose -3*q = 2*q - 195. What is the remainder when q is divided by u?
18
Let v = -5 + 9. Suppose -3*w + 3*u + 21 = 3, -2*w + u + 9 = 0. Suppose 68 = 4*p + 3*f, -w*p = -6*f + f - 22. What is the remainder when p is divided by v?
2
Let a = -59 - -64. Calculate the remainder when a is divided by (6/(-2))/(3/(-2 - 1)).
2
Suppose -80 = 6*f - 10*f. Suppose -21*g = -f*g - 37. What is the remainder when g is divided by 20?
17
Suppose 3*q - 20 = -11. Calculate the remainder when 9 is divided by (21/6 - q)*10.
4
Let g(f) = 77*f - 41*f + 2 - 40*f + 5*f**2. Suppose -4*d = -4*s + 12, 3*s + 2*s - 15 = d. What is the remainder when g(s) is divided by 18?
17
Suppose -52*z - 68 = -56*z. Let u(p) = p**3 - 2*p**2 - 4. Let a be u(3). Suppose -g - a = -2*g. What is the remainder when z is divided by g?
2
Let l(y) = y**2 + 5*y - 1. Let x be l(-6). Suppose 5*g - 217 = -0*g - 2*s, x*g = -5*s + 205. What is the remainder when g is divided by 12?
9
Suppose -4*f + 3*u = 5*u - 372, 4*u + 396 = 4*f. Calculate the remainder when f is divided by 39.
17
Suppose -921 - 159 = -5*z. Let d = z - 78. Calculate the remainder when d is divided by 36.
30
Suppose -3*y + 143 - 26 = 0. What is the remainder when 75 is divided by y?
36
Suppose -4*n + 12 + 4 = 0. Suppose 5*l - 30 = 50. What is the remainder when l + -1 + (0 - 2) is divided by n?
1
Suppose -5*t + 0*t + 285 = 0. Let r = t + -34. Suppose 0 = 9*d - 6*d - i - 206, 0 = -4*d + 3*i + 278. Calculate the remainder when d is divided by r.
22
Let t = -178 - -209. What is the remainder when 710 is divided by t?
28
Suppose 5*n + 205 = 5*r, 5*n = -20 + 45. Suppose -9*u = -7*u - r. What is the remainder when 45 is divided by u?
22
Let n be 38/57 + (-154)/6. Let v = n + 20. Calculate the remainder when 25*((-8)/v + 0) is divided by 14.
12
Suppose 0 = -4*t + 294 + 86. Calculate the remainder when t is divided by 21.
11
Let z be 12/(-1) - -4 - 2. Let k be (-6)/(-10) + 6/z. Suppose 0 = 4*u + 5*s - 379, 3*u + 2*s = -k*s + 293. Calculate the remainder when u is divided by 26.
23
Suppose -d - 10*x + 5*x - 14 = 0, 4*x = 2*d - 28. What is the remainder when 58 is divided by d?
4
Let c(o) be the first derivative of 5*o**3/3 + o**2 + 4*o + 25. Calculate the remainder when c(-2) is divided by 19.
1
Suppose -2*z = p + 